w(o) = 21620*o + 108091. Give w(-5).
-9
Let l(g) = 12*g + 418. What is l(-36)?
-14
Let z(r) = -6*r**3 + 50*r**2 - 58*r + 35. What is z(7)?
21
Let n(h) = h**2 + 63*h + 569. What is n(0)?
569
Let u(v) = -v**2 - 7*v + 15. Give u(2).
-3
Let t(z) = -z**2 + 36*z + 452. Determine t(53).
-449
Let o(m) = 2*m**3 + 15*m**2 - 504*m - 74. Calculate o(-20).
6
Let s(z) = -z**3 + 2*z**2 - 6*z + 18. Determine s(4).
-38
Let d(x) = 990*x + 2017. Determine d(-2).
37
Let l(r) = -r**3 + 109*r**2 + 1190*r - 6. Determine l(-10).
-6
Let d(o) = -197*o + 833. Calculate d(4).
45
Let v(p) = 2*p**3 + 184*p**2 + 5*p + 284. Determine v(-92).
-176
Let y(s) = 3*s**2 + 7. Give y(-2).
19
Let s(f) = -f**3 + 9*f**2 + 3*f - 82. Calculate s(11).
-291
Let y(s) = 58*s + 1787. Give y(-30).
47
Let u(q) = 260*q + 10912. Calculate u(-42).
-8
Let m(g) = 12*g**3 - 5*g**2 + 12*g + 41. Calculate m(-3).
-364
Let f(x) = 36*x - 372. Give f(-9).
-696
Let c(g) = 16*g**3 - 1980*g**2 - 493*g - 372. Determine c(124).
0
Let r(s) = -12045*s - 108406. Determine r(-9).
-1
Let t(k) = -1091*k - 5477. Calculate t(-5).
-22
Let d(t) = 41*t**2 + 50*t. What is d(-2)?
64
Let p(l) = -4*l**3 - 48*l**2 - 78*l + 9. What is p(-10)?
-11
Let h(w) = -277*w - 49303. Give h(-178).
3
Let p(d) = -9*d**2 + 208*d + 215. Calculate p(-1).
-2
Let x(p) = 68*p + 70. Give x(3).
274
Let y(z) = -2*z**3 - 25*z**2 - 2*z - 21. Calculate y(-12).
-141
Let d(j) = 855*j - 49564. Give d(58).
26
Let v(b) = 81*b + 3318. Give v(-41).
-3
Let x(g) = g**3 + 10*g**2 - 2*g + 6. What is x(-11)?
-93
Let j(r) = 395*r + 399. Determine j(-1).
4
Let a(w) = 6*w**3 - 645*w**2 + 324*w - 334. What is a(107)?
-13
Let h(a) = a**3 - 18*a**2 - 45*a + 403. What is h(20)?
303
Let k(s) = -65*s - 330. What is k(-5)?
-5
Let t(u) = -u**3 + 30*u**2 - 24*u - 124. What is t(29)?
21
Let r(d) = -2*d**3 - 55*d**2 + 88*d + 15. What is r(-29)?
-14
Let d(l) = -73*l + 74. Give d(1).
1
Let l(n) = -2*n**2 - 30*n + 25. What is l(-16)?
-7
Let g(q) = 3*q**3 + 5*q**2 - 40*q + 62. Give g(2).
26
Let m(p) = -167*p**2 + 10*p - 4. Calculate m(1).
-161
Let x(p) = 695*p - 38219. Determine x(55).
6
Let c(h) = 3407*h - 13629. What is c(4)?
-1
Let v(k) = -7*k**2 + 30*k. Calculate v(4).
8
Let p(o) = -2*o**3 - 6*o**2 + 14*o - 23. Determine p(-5).
7
Let y(k) = 174*k + 176. What is y(-1)?
2
Let v(t) = -334*t + 17065. Determine v(51).
31
Let f(x) = 4*x**2 + 16*x + 10. Determine f(-3).
-2
Let z(i) = -79*i + 2621. Give z(33).
14
Let z(c) = 6*c**2 + 18*c - 18. Calculate z(-7).
150
Let m(c) = -c**2 - 25*c - 119. Give m(-15).
31
Let k(j) = -11*j + 52. What is k(6)?
-14
Let k(y) = 37*y + 16. Give k(-1).
-21
Let d(n) = -n**3 - 7*n**2 - 13*n - 98. Calculate d(-7).
-7
Let g(d) = d**2 - 7*d - 38. What is g(7)?
-38
Let g(x) = 17*x**2 + 146*x - 147. Determine g(1).
16
Let u(n) = -n**3 - 15*n**2 + 48*n + 32. Determine u(-18).
140
Let n(p) = -3*p**3 + 30*p**2 + 7*p - 12. What is n(10)?
58
Let y(u) = -559*u - 69872. Give y(-125).
3
Let s(d) = d**3 + 2*d**2 + 36*d + 110. Determine s(-3).
-7
Let p(u) = -u**3 - 72*u**2 - 341*u - 79. Give p(-67).
323
Let s(i) = i**3 + 2*i**2 - 40*i - 39. What is s(6)?
9
Let a(k) = 30*k**2 - 3357*k - 330. Determine a(112).
6
Let h(s) = s**2 - 66*s - 2935. Calculate h(-31).
72
Let j(s) = -16*s**3 + 67*s**2 - 85*s + 18. Determine j(1).
-16
Let q(t) = 99*t - 1601. What is q(15)?
-116
Let u(g) = 23*g + 1235. Give u(-54).
-7
Let p(z) = 42*z**3 - 9*z + 9. Determine p(1).
42
Let d(n) = -6*n**2 + 22*n + 5. Determine d(4).
-3
Let r(b) = -b**3 + 200*b**2 + 3*b - 616. Give r(200).
-16
Let k(s) = -11*s**3 - 515*s**2 + 102*s + 332. Determine k(-47).
-44
Let c(f) = 10*f**2 - 1009*f - 105. Determine c(101).
-4
Let q(r) = r**3 - 33*r**2 + 256*r + 174. Give q(19).
-16
Let d(i) = i**2 - 31*i - 263. Give d(-7).
3
Let u(f) = 53*f + 286. Calculate u(-7).
-85
Let v(z) = 2*z**2 - 14*z + 35. Calculate v(11).
123
Let y(g) = -g**2 - 102*g + 652. Give y(6).
4
Let f(z) = 368*z**2 - 5890*z + 11. Determine f(16).
-21
Let y(o) = -79*o - 548. Calculate y(-7).
5
Let i(m) = 118*m + 2247. Calculate i(-19).
5
Let f(r) = -13*r - 322. Calculate f(-26).
16
Let h(j) = -22*j - 788. Determine h(-45).
202
Let g(x) = x**3 - 18*x**2 - 8*x - 63. Give g(19).
146
Let r(o) = -126*o - 863. Determine r(-7).
19
Let p(u) = u**3 - 24*u**2 + 171*u - 2784. Calculate p(22).
10
Let s(l) = -123*l + 795. Give s(7).
-66
Let s(a) = -17*a**3 - 270*a**2 + 33*a + 17. Calculate s(-16).
1
Let q(v) = v**3 + 10*v**2 - 208*v + 24. Give q(-20).
184
Let b(r) = 345*r + 279. Calculate b(-1).
-66
Let s(o) = -o**3 + 130*o**2 - 15*o + 1952. Calculate s(130).
2
Let f(x) = 68*x - 8897. What is f(131)?
11
Let c(d) = d**3 + 22*d**2 + 41*d + 13. What is c(-20)?
-7
Let x(p) = -138*p**3 + 5*p**2 - 7*p + 4. Determine x(1).
-136
Let q(o) = -o**3 + o**2 + 71*o - 6. Calculate q(9).
-15
Let y(q) = q + 319. What is y(48)?
367
Let u(d) = -311*d + 3652. Calculate u(12).
-80
Let b(g) = g**2 + 27*g - 411. Determine b(11).
7
Let m(d) = d**3 - 67*d**2 - 211*d + 75. What is m(70)?
5
Let t(g) = -9*g**2 - 625*g - 291. Calculate t(-69).
-15
Let p(a) = -78*a + 14581. Give p(187).
-5
Let m(r) = 5*r**2 + 69*r. Determine m(-13).
-52
Let q(j) = 2*j**3 + 12*j**2 - 4*j - 7. Calculate q(5).
523
Let s(y) = -y**3 - 19*y**2 + 92*y + 6. What is s(4)?
6
Let o(x) = x**3 - 15*x**2 + 31*x + 1. Calculate o(12).
-59
Let d(n) = 3*n**2 - 41*n - 30. Give d(13).
-56
Let v(b) = -3*b**2 - 42*b - 194. Calculate v(-4).
-74
Let l(v) = 22*v + 47. What is l(0)?
47
Let c(k) = -2*k**3 + 31*k**2 - 66*k - 13. Determine c(13).
-26
Let f(o) = -o**2 + 31*o - 67. Determine f(29).
-9
Let w(z) = z**3 + 17*z**2 - 28*z + 181. What is w(-19)?
-9
Let a(p) = -121*p + 1698. Calculate a(14).
4
Let o(d) = 2*d**2 - 6*d - 11. What is o(-2)?
9
Let z(j) = 196*j + 1572. What is z(-8)?
4
Let v(z) = 2*z**2 - 225*z + 1101. Calculate v(5).
26
Let u(g) = -4*g**2 - 207*g + 3450. Determine u(-65).
5
Let s(l) = -l**3 + 62*l**2 + 66*l - 8. Calculate s(63).
181
Let z(k) = -k**3 + 26*k**2 + 526*k - 10680. What is z(32)?
8
Let j(k) = -22*k**2 + 26*k - 10. Give j(2).
-46
Let i(z) = 113*z - 1360. Determine i(11).
-117
Let d(j) = 75*j - 196. Determine d(2).
-46
Let h(i) = -404*i - 1244. Calculate h(-5).
776
Let h(l) = 60*l**2 + 1330*l + 223. Give h(-22).
3
Let p(y) = 7*y**2 + 7*y + 44. What is p(-5)?
184
Let p(a) = 988*a - 55335. Give p(56).
-7
Let f(s) = 9*s**2 + 20*s - 29. Determine f(2).
47
Let t(w) = -w**3 - 10*w**2 - 13*w - 50. Calculate t(-9).
-14
Let q(y) = 2*y**3 - 82*y**2 - 85*y - 82. Calculate q(42).
-124
Let q(b) = b**3 - 3*b**2 - 404*b + 1612. Give q(4).
12
Let p(g) = -415*g - 9556. Determine p(-23).
-11
Let o(c) = -c**3 + 29*c**2 + 8908*c - 158. Calculate o(-81).
4
Let b(y) = -5*y**2 - 14*y. Give b(-3).
-3
Let i(s) = 5*s**2 + 42*s + 7. Calculate i(-11).
150
Let y(x) = -5*x**3 - 6*x**2 + 12*x - 14. What is y(3)?
-167
Let i(g) = 24*g**3 - 3911*g**2 - 161*g - 327. Give i(163).
-1
Let i(c) = 8*c + 203. What is i(-27)?
-13
Let p(b) = -19*b - 753. Determine p(-44).
83
Let b(p) = 3*p + 211. Determine b(-67).
10
Let c(x) = x**3 + 9*x**2 - 19*x - 87. Determine c(-10).
3
Let y(g) = -5*g + 61. Give y(-10).
111
Let a(s) = -3*s**3 + 171*s**2 - 176*s + 418. Determine a(56).
-30
Let o(l) = l**3 - 40*l**2 - 84*l + 34. Give o(42).
34
Let a(g) = -66*g - 8336. Determine a(-126).
-20
Let r(d) = 739*d - 5912. What is r(8)?
0
Let z(o) = -750*o + 2310. Give z(3).
60
Let a(q) = -3*q**3 - 23*q**2 - 5*q - 95. Give a(-8).
9
Let g(c) = -158*c + 5215. What is g(33)?
1
Let w(k) = k**3 - 14*k**2 - 234*k - 3. Determine w(24).
141
Let z(p) = -424*p + 11037. Determine z(26).
13
Let q(a) = a**3 - 2*a**2 - 5*a + 24. Calculate q(4).
36
Let c(w) = w**3 + 26*w**2 - 11*w - 2. Calculate c(0).
-2
Let c(l) = -l**3 + 11*l**2 + 1803*l - 19839. Give c(11).
-6
Let s(k) = 4*k**2 + 59*k - 331. Calculate s(5).
64
Let s(g) = -3*g**3 + 16*g**2 - 15*g + 163. Determine s(6).
1
Let g(s) = 15*s - 343. Calculate g(22).
-13
Let a(d) = -39*d + 3853. Give a(99).
-8
Let l(f) = 19*f + 766. Give l(-19).
405
Let y(a) = a**2 + 127*a + 3918. Give y(-74).
-4
Let t(d) = 2*d**3 + 8*d**2 + 3*d + 10. Give t(-4).
-2
Let v(x) = x**2 - 60*x - 1725. Determine v(-21).
-24
Let k(b) = -2*b**3 - b**2 + 35*b - 9. Give k(-5).
41
Let d(y) = 7*y**2 - 51*y + 44. What is d(6)?
-10
Let p(q) = 4*q**2 - 88*q + 490. Ca